{"id":302,"date":"2023-01-20T00:15:40","date_gmt":"2023-01-20T00:15:40","guid":{"rendered":"https:\/\/coffeepaper.co\/inicio\/?page_id=302"},"modified":"2024-10-04T00:49:47","modified_gmt":"2024-10-04T00:49:47","slug":"preguntas-frecuentes","status":"publish","type":"page","link":"https:\/\/coffeepaper.co\/inicio\/preguntas-frecuentes\/","title":{"rendered":"Preguntas frecuentes"},"content":{"rendered":"\t\t<div data-elementor-type=\"wp-page\" data-elementor-id=\"302\" class=\"elementor elementor-302\">\n\t\t\t\t\t\t<section class=\"elementor-section elementor-top-section elementor-element elementor-element-9411f11 elementor-section-boxed elementor-section-height-default elementor-section-height-default\" data-id=\"9411f11\" data-element_type=\"section\" data-e-type=\"section\">\n\t\t\t\t\t\t<div class=\"elementor-container elementor-column-gap-default\">\n\t\t\t\t\t<div class=\"elementor-column elementor-col-100 elementor-top-column elementor-element elementor-element-1ede8b3\" data-id=\"1ede8b3\" data-element_type=\"column\" data-e-type=\"column\">\n\t\t\t<div class=\"elementor-widget-wrap elementor-element-populated\">\n\t\t\t\t\t\t<div class=\"elementor-element elementor-element-1618e5b elementor-widget elementor-widget-woocommerce-breadcrumb\" data-id=\"1618e5b\" data-element_type=\"widget\" data-e-type=\"widget\" data-widget_type=\"woocommerce-breadcrumb.default\">\n\t\t\t\t<div class=\"elementor-widget-container\">\n\t\t\t\t\t<nav class=\"woocommerce-breadcrumb\" aria-label=\"Breadcrumb\">Inicio<\/nav>\t\t\t\t<\/div>\n\t\t\t\t<\/div>\n\t\t\t\t<div class=\"elementor-element elementor-element-9c3dd44 elementor-widget elementor-widget-heading\" data-id=\"9c3dd44\" data-element_type=\"widget\" data-e-type=\"widget\" data-widget_type=\"heading.default\">\n\t\t\t\t<div class=\"elementor-widget-container\">\n\t\t\t\t\t<h1 class=\"elementor-heading-title elementor-size-default\">FAQs<\/h1>\t\t\t\t<\/div>\n\t\t\t\t<\/div>\n\t\t\t\t\t<\/div>\n\t\t<\/div>\n\t\t\t\t\t<\/div>\n\t\t<\/section>\n\t\t\t\t<section class=\"elementor-section elementor-top-section elementor-element elementor-element-2361094 elementor-section-boxed elementor-section-height-default elementor-section-height-default\" data-id=\"2361094\" data-element_type=\"section\" data-e-type=\"section\">\n\t\t\t\t\t\t<div class=\"elementor-container elementor-column-gap-default\">\n\t\t\t\t\t<div class=\"elementor-column elementor-col-33 elementor-top-column elementor-element elementor-element-1ed06e5\" data-id=\"1ed06e5\" data-element_type=\"column\" data-e-type=\"column\">\n\t\t\t<div class=\"elementor-widget-wrap elementor-element-populated\">\n\t\t\t\t\t\t<div class=\"elementor-element elementor-element-97c4827 elementor-widget elementor-widget-image\" data-id=\"97c4827\" data-element_type=\"widget\" data-e-type=\"widget\" data-widget_type=\"image.default\">\n\t\t\t\t<div class=\"elementor-widget-container\">\n\t\t\t\t\t\t\t\t\t\t\t\t\t\t\t<img fetchpriority=\"high\" decoding=\"async\" width=\"1024\" height=\"672\" src=\"https:\/\/coffeepaper.co\/wp-content\/uploads\/2024\/10\/emilie-faraut-dupe-1-1024x672.jpeg\" class=\"attachment-large size-large wp-image-4475\" alt=\"\" srcset=\"https:\/\/coffeepaper.co\/wp-content\/uploads\/2024\/10\/emilie-faraut-dupe-1-1024x672.jpeg 1024w, https:\/\/coffeepaper.co\/wp-content\/uploads\/2024\/10\/emilie-faraut-dupe-1-300x197.jpeg 300w, https:\/\/coffeepaper.co\/wp-content\/uploads\/2024\/10\/emilie-faraut-dupe-1-768x504.jpeg 768w, https:\/\/coffeepaper.co\/wp-content\/uploads\/2024\/10\/emilie-faraut-dupe-1-1536x1008.jpeg 1536w, https:\/\/coffeepaper.co\/wp-content\/uploads\/2024\/10\/emilie-faraut-dupe-1-2048x1345.jpeg 2048w, https:\/\/coffeepaper.co\/wp-content\/uploads\/2024\/10\/emilie-faraut-dupe-1-600x394.jpeg 600w\" sizes=\"(max-width: 1024px) 100vw, 1024px\" \/>\t\t\t\t\t\t\t\t\t\t\t\t\t\t\t<\/div>\n\t\t\t\t<\/div>\n\t\t\t\t\t<\/div>\n\t\t<\/div>\n\t\t\t\t<div class=\"elementor-column elementor-col-66 elementor-top-column elementor-element elementor-element-48459ea\" data-id=\"48459ea\" data-element_type=\"column\" data-e-type=\"column\">\n\t\t\t<div class=\"elementor-widget-wrap elementor-element-populated\">\n\t\t\t\t\t\t<div class=\"elementor-element elementor-element-6b067ef elementor-widget elementor-widget-heading\" data-id=\"6b067ef\" data-element_type=\"widget\" data-e-type=\"widget\" data-widget_type=\"heading.default\">\n\t\t\t\t<div class=\"elementor-widget-container\">\n\t\t\t\t\t<h2 class=\"elementor-heading-title elementor-size-default\">Estoy muy feliz de tenerte por aqu\u00ed!<\/h2>\t\t\t\t<\/div>\n\t\t\t\t<\/div>\n\t\t\t\t<div class=\"elementor-element elementor-element-b9d0d49 elementor-widget elementor-widget-text-editor\" data-id=\"b9d0d49\" data-element_type=\"widget\" data-e-type=\"widget\" data-widget_type=\"text-editor.default\">\n\t\t\t\t<div class=\"elementor-widget-container\">\n\t\t\t\t\t\t\t\t\t<p>Antes de realizar tu compra, es importante que conozcas las pol\u00edticas del sitio web y de compra, las cuales puedes consultar <a href=\"https:\/\/coffeepaper.co\/inicio\/nuestras-politicas\/\">AQU\u00cd<\/a>.<\/p>\t\t\t\t\t\t\t\t<\/div>\n\t\t\t\t<\/div>\n\t\t\t\t<div class=\"elementor-element elementor-element-6d37be9 elementor-widget elementor-widget-heading\" data-id=\"6d37be9\" data-element_type=\"widget\" data-e-type=\"widget\" data-widget_type=\"heading.default\">\n\t\t\t\t<div class=\"elementor-widget-container\">\n\t\t\t\t\t<h3 class=\"elementor-heading-title elementor-size-default\">\u00bfD\u00f3nde puedo a\u00f1adir y usar mis Planners y plantillas?<\/h3>\t\t\t\t<\/div>\n\t\t\t\t<\/div>\n\t\t\t\t<div class=\"elementor-element elementor-element-f83512a elementor-widget elementor-widget-text-editor\" data-id=\"f83512a\" data-element_type=\"widget\" data-e-type=\"widget\" data-widget_type=\"text-editor.default\">\n\t\t\t\t<div class=\"elementor-widget-container\">\n\t\t\t\t\t\t\t\t\t<p class=\"_04xlpA direction-ltr align-justify para-style-body\"><span class=\"S1PPyQ\">Todos los planners vienen en <\/span><span class=\"S1PPyQ\">formato PDF interactivo<\/span><span class=\"S1PPyQ\">, as\u00ed que s\u00f3lo debes revisar en tu app si puede editar este formato. <\/span><span class=\"S1PPyQ\">\u00a1Tambi\u00e9n puedes imprimirlos sin problema! (aunque perder\u00e1s la ventaja de los botones y links)<\/span><\/p><p class=\"_04xlpA direction-ltr align-justify para-style-body\"><span class=\"S1PPyQ\">Siempre pruebo los productos en <\/span><span class=\"S1PPyQ\">GoodNotes<\/span><span class=\"S1PPyQ\"> y <\/span><span class=\"S1PPyQ\">Adobe Acrobat<\/span><span class=\"S1PPyQ\">, por lo que si usas otra app podr\u00edas perder alguna funci\u00f3n, como los links directos (puedes enviarme un mensaje a hola@coffeepaper.co o por DM a Instagram para consultar si tu app de apuntes es compatible).<\/span><\/p>\t\t\t\t\t\t\t\t<\/div>\n\t\t\t\t<\/div>\n\t\t\t\t\t<\/div>\n\t\t<\/div>\n\t\t\t\t\t<\/div>\n\t\t<\/section>\n\t\t\t\t<section class=\"elementor-section elementor-top-section elementor-element elementor-element-1b01d42 elementor-section-boxed elementor-section-height-default elementor-section-height-default\" data-id=\"1b01d42\" data-element_type=\"section\" data-e-type=\"section\">\n\t\t\t\t\t\t<div class=\"elementor-container elementor-column-gap-default\">\n\t\t\t\t\t<div class=\"elementor-column elementor-col-66 elementor-top-column elementor-element elementor-element-c363af6\" data-id=\"c363af6\" data-element_type=\"column\" data-e-type=\"column\">\n\t\t\t<div class=\"elementor-widget-wrap elementor-element-populated\">\n\t\t\t\t\t\t<div class=\"elementor-element elementor-element-7925e02 elementor-widget elementor-widget-heading\" data-id=\"7925e02\" data-element_type=\"widget\" data-e-type=\"widget\" data-widget_type=\"heading.default\">\n\t\t\t\t<div class=\"elementor-widget-container\">\n\t\t\t\t\t<h3 class=\"elementor-heading-title elementor-size-default\">\u00bfD\u00f3nde puedo a\u00f1adir y usar mis Stickers?<\/h3>\t\t\t\t<\/div>\n\t\t\t\t<\/div>\n\t\t\t\t<div class=\"elementor-element elementor-element-cd83a22 elementor-widget elementor-widget-text-editor\" data-id=\"cd83a22\" data-element_type=\"widget\" data-e-type=\"widget\" data-widget_type=\"text-editor.default\">\n\t\t\t\t<div class=\"elementor-widget-container\">\n\t\t\t\t\t\t\t\t\t<p><span class=\"S1PPyQ\">Los stickers vienen en formato imagen (en la descarga viene la carpeta con cada uno en <\/span><span class=\"S1PPyQ\">formato PNG y\/o JPG<\/span><span class=\"S1PPyQ\">), por lo que puedes importarlos y convertirlos en stickers en tu app favorita de anotaciones.<\/span><\/p>\t\t\t\t\t\t\t\t<\/div>\n\t\t\t\t<\/div>\n\t\t\t\t<div class=\"elementor-element elementor-element-9b5156c elementor-widget elementor-widget-heading\" data-id=\"9b5156c\" data-element_type=\"widget\" data-e-type=\"widget\" data-widget_type=\"heading.default\">\n\t\t\t\t<div class=\"elementor-widget-container\">\n\t\t\t\t\t<h3 class=\"elementor-heading-title elementor-size-default\">\u00bfC\u00f3mo descargo los productos digitales?<\/h3>\t\t\t\t<\/div>\n\t\t\t\t<\/div>\n\t\t\t\t<div class=\"elementor-element elementor-element-2e8325d elementor-widget elementor-widget-text-editor\" data-id=\"2e8325d\" data-element_type=\"widget\" data-e-type=\"widget\" data-widget_type=\"text-editor.default\">\n\t\t\t\t<div class=\"elementor-widget-container\">\n\t\t\t\t\t\t\t\t\t<p>Al momento de completar tu compra, se tee redigir\u00e1 a la p\u00e1gina de descarga inmediata, y de igual manera recibir\u00e1s en tu correo el link de descarga, as\u00ed como los detalles de tu pedido.<\/p><p>Es importante que conozcas que tienes 3 d\u00edas desde el momento de completar tu compra para descargar tus productos, y se te permiten hasta 2 descargas, por si ocurre alg\u00fan problema!<\/p><p><span class=\"S1PPyQ\">En mi perfil de Instagram puedes encontrar varios tutoriales para ti, en el Highlight &#8220;Tutoriales\u26a1\ufe0f\u201d.<\/span><\/p><p>No dudes en dejarme un mensaje directo por Instagram, o un correo a hola@coffeepaper.co si tienes cualquier duda antes de realizar tu compra, puesto que <span style=\"text-decoration: underline;\">en los productos digitales no se ofrecen cambios o devoluciones.<\/span><\/p>\t\t\t\t\t\t\t\t<\/div>\n\t\t\t\t<\/div>\n\t\t\t\t<div class=\"elementor-element elementor-element-d3967b9 elementor-shape-rounded elementor-grid-0 e-grid-align-center elementor-widget elementor-widget-social-icons\" data-id=\"d3967b9\" data-element_type=\"widget\" data-e-type=\"widget\" data-widget_type=\"social-icons.default\">\n\t\t\t\t<div class=\"elementor-widget-container\">\n\t\t\t\t\t\t\t<div class=\"elementor-social-icons-wrapper elementor-grid\" role=\"list\">\n\t\t\t\t\t\t\t<span class=\"elementor-grid-item\" role=\"listitem\">\n\t\t\t\t\t<a class=\"elementor-icon elementor-social-icon elementor-social-icon-instagram elementor-repeater-item-5084c75\" href=\"http:\/\/instagram.com\/coffeepaper.co\" target=\"_blank\">\n\t\t\t\t\t\t<span class=\"elementor-screen-only\">Instagram<\/span>\n\t\t\t\t\t\t<i aria-hidden=\"true\" class=\"fab fa-instagram\"><\/i>\t\t\t\t\t<\/a>\n\t\t\t\t<\/span>\n\t\t\t\t\t\t\t<span class=\"elementor-grid-item\" role=\"listitem\">\n\t\t\t\t\t<a class=\"elementor-icon elementor-social-icon elementor-social-icon-tiktok elementor-repeater-item-cb2b05d\" href=\"http:\/\/tiktok.com\/@_coffeepaper.co\" target=\"_blank\">\n\t\t\t\t\t\t<span class=\"elementor-screen-only\">Tiktok<\/span>\n\t\t\t\t\t\t<i aria-hidden=\"true\" class=\"fab fa-tiktok\"><\/i>\t\t\t\t\t<\/a>\n\t\t\t\t<\/span>\n\t\t\t\t\t\t\t<span class=\"elementor-grid-item\" role=\"listitem\">\n\t\t\t\t\t<a class=\"elementor-icon elementor-social-icon elementor-social-icon-pinterest-p elementor-repeater-item-f1ed154\" href=\"https:\/\/pin.it\/6KVL9Jr\" target=\"_blank\">\n\t\t\t\t\t\t<span class=\"elementor-screen-only\">Pinterest-p<\/span>\n\t\t\t\t\t\t<i aria-hidden=\"true\" class=\"fab fa-pinterest-p\"><\/i>\t\t\t\t\t<\/a>\n\t\t\t\t<\/span>\n\t\t\t\t\t\t\t<span class=\"elementor-grid-item\" role=\"listitem\">\n\t\t\t\t\t<a class=\"elementor-icon elementor-social-icon elementor-social-icon-mail-bulk elementor-repeater-item-9ed086a\" href=\"http:\/\/hola@coffeepaper.co\" target=\"_blank\">\n\t\t\t\t\t\t<span class=\"elementor-screen-only\">Mail-bulk<\/span>\n\t\t\t\t\t\t<i aria-hidden=\"true\" class=\"fas fa-mail-bulk\"><\/i>\t\t\t\t\t<\/a>\n\t\t\t\t<\/span>\n\t\t\t\t\t<\/div>\n\t\t\t\t\t\t<\/div>\n\t\t\t\t<\/div>\n\t\t\t\t\t<\/div>\n\t\t<\/div>\n\t\t\t\t<div class=\"elementor-column elementor-col-33 elementor-top-column elementor-element elementor-element-aedd101\" data-id=\"aedd101\" data-element_type=\"column\" data-e-type=\"column\">\n\t\t\t<div class=\"elementor-widget-wrap elementor-element-populated\">\n\t\t\t\t\t\t<div class=\"elementor-element elementor-element-bb4d824 elementor-widget elementor-widget-image\" data-id=\"bb4d824\" data-element_type=\"widget\" data-e-type=\"widget\" data-widget_type=\"image.default\">\n\t\t\t\t<div class=\"elementor-widget-container\">\n\t\t\t\t\t\t\t\t\t\t\t\t\t\t\t<img decoding=\"async\" width=\"1024\" height=\"1024\" src=\"https:\/\/coffeepaper.co\/wp-content\/uploads\/2023\/02\/ilustracion-highlights-IG-1024x1024.png\" class=\"attachment-large size-large wp-image-613\" alt=\"\" srcset=\"https:\/\/coffeepaper.co\/wp-content\/uploads\/2023\/02\/ilustracion-highlights-IG-1024x1024.png 1024w, https:\/\/coffeepaper.co\/wp-content\/uploads\/2023\/02\/ilustracion-highlights-IG-300x300.png 300w, https:\/\/coffeepaper.co\/wp-content\/uploads\/2023\/02\/ilustracion-highlights-IG-150x150.png 150w, https:\/\/coffeepaper.co\/wp-content\/uploads\/2023\/02\/ilustracion-highlights-IG-768x768.png 768w, https:\/\/coffeepaper.co\/wp-content\/uploads\/2023\/02\/ilustracion-highlights-IG-20x20.png 20w, https:\/\/coffeepaper.co\/wp-content\/uploads\/2023\/02\/ilustracion-highlights-IG-600x600.png 600w, https:\/\/coffeepaper.co\/wp-content\/uploads\/2023\/02\/ilustracion-highlights-IG-100x100.png 100w, https:\/\/coffeepaper.co\/wp-content\/uploads\/2023\/02\/ilustracion-highlights-IG.png 1500w\" sizes=\"(max-width: 1024px) 100vw, 1024px\" \/>\t\t\t\t\t\t\t\t\t\t\t\t\t\t\t<\/div>\n\t\t\t\t<\/div>\n\t\t\t\t\t<\/div>\n\t\t<\/div>\n\t\t\t\t\t<\/div>\n\t\t<\/section>\n\t\t\t\t<\/div>\n\t\t","protected":false},"excerpt":{"rendered":"<p>FAQs Estoy muy feliz de tenerte por aqu\u00ed! Antes de realizar tu compra, es importante que conozcas las pol\u00edticas del sitio web y de compra, las cuales puedes consultar AQU\u00cd. \u00bfD\u00f3nde puedo a\u00f1adir y usar mis Planners y plantillas? Todos los planners vienen en formato PDF interactivo, as\u00ed que s\u00f3lo debes revisar en tu app &hellip;<\/p>\n<p class=\"read-more\"> <a class=\"\" href=\"https:\/\/coffeepaper.co\/inicio\/preguntas-frecuentes\/\"> <span class=\"screen-reader-text\">Preguntas frecuentes<\/span> Leer m\u00e1s &raquo;<\/a><\/p>\n","protected":false},"author":2,"featured_media":0,"parent":0,"menu_order":0,"comment_status":"closed","ping_status":"closed","template":"elementor_header_footer","meta":{"om_disable_all_campaigns":false,"_monsterinsights_skip_tracking":false,"_monsterinsights_sitenote_active":false,"_monsterinsights_sitenote_note":"","_monsterinsights_sitenote_category":0,"site-sidebar-layout":"no-sidebar","site-content-layout":"page-builder","ast-global-header-display":"","ast-main-header-display":"","ast-hfb-above-header-display":"","ast-hfb-below-header-display":"","ast-hfb-mobile-header-display":"","site-post-title":"disabled","ast-breadcrumbs-content":"","ast-featured-img":"disabled","footer-sml-layout":"","theme-transparent-header-meta":"","adv-header-id-meta":"","stick-header-meta":"","header-above-stick-meta":"","header-main-stick-meta":"","header-below-stick-meta":"","footnotes":""},"class_list":["post-302","page","type-page","status-publish","hentry"],"aioseo_notices":[],"_links":{"self":[{"href":"https:\/\/coffeepaper.co\/inicio\/wp-json\/wp\/v2\/pages\/302","targetHints":{"allow":["GET"]}}],"collection":[{"href":"https:\/\/coffeepaper.co\/inicio\/wp-json\/wp\/v2\/pages"}],"about":[{"href":"https:\/\/coffeepaper.co\/inicio\/wp-json\/wp\/v2\/types\/page"}],"author":[{"embeddable":true,"href":"https:\/\/coffeepaper.co\/inicio\/wp-json\/wp\/v2\/users\/2"}],"replies":[{"embeddable":true,"href":"https:\/\/coffeepaper.co\/inicio\/wp-json\/wp\/v2\/comments?post=302"}],"version-history":[{"count":26,"href":"https:\/\/coffeepaper.co\/inicio\/wp-json\/wp\/v2\/pages\/302\/revisions"}],"predecessor-version":[{"id":4481,"href":"https:\/\/coffeepaper.co\/inicio\/wp-json\/wp\/v2\/pages\/302\/revisions\/4481"}],"wp:attachment":[{"href":"https:\/\/coffeepaper.co\/inicio\/wp-json\/wp\/v2\/media?parent=302"}],"curies":[{"name":"wp","href":"https:\/\/api.w.org\/{rel}","templated":true}]}}