{"id":1968,"date":"2023-07-05T19:27:57","date_gmt":"2023-07-05T19:27:57","guid":{"rendered":"https:\/\/coffeepaper.co\/inicio\/?post_type=product&#038;p=1968"},"modified":"2023-07-05T19:46:37","modified_gmt":"2023-07-05T19:46:37","slug":"fuente-tipografia-coffee-paper","status":"publish","type":"product","link":"https:\/\/coffeepaper.co\/inicio\/product\/fuente-tipografia-coffee-paper\/","title":{"rendered":"Fuente (tipograf\u00eda)  Coffee Paper"},"content":{"rendered":"<p><strong>IMPORTANTE: Al descargar tu archivo (se descarga una carpeta .zip) debes descomprimirla para acceder a los dos archivos dentro: la fuente y el PDF.<\/strong><\/p>\n<p>Como muchos la pidieron, aqu\u00ed est\u00e1 para descargar en formato ttf (true type font) la fuente que hice a la mano del emprendimiento de @coeur_de_papier__ (encu\u00e9ntrala as\u00ed en Instagram y dile que vas de mi parte!!) Paola es una emprendedora super buena onda, que me cre\u00f3 esta fuente suuuuper completa, y que hoy comparto contigo. La descarga incluye un PDF en donde puedes ver todos los \u00edconos disponibles con la fuente.<\/p>\n<p>La puedes descargar y usar para tus apuntes digitales o proyectos personales, pero si deseas compartirla con alguien m\u00e1s, por favor env\u00eda el link del producto en esta p\u00e1gina, no env\u00edes el archivo. Si la quieres usar en alg\u00fan proyecto de escuela, etiqu\u00e9tame en redes para verlo y darle like!!<\/p>\n<p>El tutorial de descarga e instalaci\u00f3n para ipad lo puedes ver en tiktok haciendo <a href=\"https:\/\/vm.tiktok.com\/ZM2uCTCPN\/\">click aqu\u00ed<\/a><\/p>\n","protected":false},"excerpt":{"rendered":"<p>La fuente hecha por mis manitas, enjoy \ud83d\ude42<\/p>\n<p><strong>IMPORTANTE: Al descargar tu archivo (se descarga una carpeta .zip) debes descomprimirla para acceder a los dos archivos dentro: la fuente y el PDF.<\/strong><\/p>\n","protected":false},"featured_media":1972,"comment_status":"open","ping_status":"closed","template":"","meta":{"om_disable_all_campaigns":false,"_monsterinsights_skip_tracking":false,"_monsterinsights_sitenote_active":false,"_monsterinsights_sitenote_note":"","_monsterinsights_sitenote_category":0,"site-sidebar-layout":"default","site-content-layout":"default","ast-global-header-display":"","ast-main-header-display":"","ast-hfb-above-header-display":"","ast-hfb-below-header-display":"","ast-hfb-mobile-header-display":"","site-post-title":"","ast-breadcrumbs-content":"","ast-featured-img":"","footer-sml-layout":"","theme-transparent-header-meta":"default","adv-header-id-meta":"","stick-header-meta":"","header-above-stick-meta":"","header-main-stick-meta":"","header-below-stick-meta":""},"product_brand":[],"product_cat":[46],"product_tag":[77,78],"class_list":{"0":"post-1968","1":"product","2":"type-product","3":"status-publish","4":"has-post-thumbnail","6":"product_cat-freebies","7":"product_tag-fuente","8":"product_tag-tipografia","9":"desktop-align-left","10":"tablet-align-left","11":"mobile-align-left","13":"first","14":"instock","15":"downloadable","16":"taxable","17":"shipping-taxable","18":"purchasable","19":"product-type-simple"},"aioseo_notices":[],"_links":{"self":[{"href":"https:\/\/coffeepaper.co\/inicio\/wp-json\/wp\/v2\/product\/1968","targetHints":{"allow":["GET"]}}],"collection":[{"href":"https:\/\/coffeepaper.co\/inicio\/wp-json\/wp\/v2\/product"}],"about":[{"href":"https:\/\/coffeepaper.co\/inicio\/wp-json\/wp\/v2\/types\/product"}],"replies":[{"embeddable":true,"href":"https:\/\/coffeepaper.co\/inicio\/wp-json\/wp\/v2\/comments?post=1968"}],"wp:featuredmedia":[{"embeddable":true,"href":"https:\/\/coffeepaper.co\/inicio\/wp-json\/wp\/v2\/media\/1972"}],"wp:attachment":[{"href":"https:\/\/coffeepaper.co\/inicio\/wp-json\/wp\/v2\/media?parent=1968"}],"wp:term":[{"taxonomy":"product_brand","embeddable":true,"href":"https:\/\/coffeepaper.co\/inicio\/wp-json\/wp\/v2\/product_brand?post=1968"},{"taxonomy":"product_cat","embeddable":true,"href":"https:\/\/coffeepaper.co\/inicio\/wp-json\/wp\/v2\/product_cat?post=1968"},{"taxonomy":"product_tag","embeddable":true,"href":"https:\/\/coffeepaper.co\/inicio\/wp-json\/wp\/v2\/product_tag?post=1968"}],"curies":[{"name":"wp","href":"https:\/\/api.w.org\/{rel}","templated":true}]}}